{"id":754,"date":"2023-06-05T12:14:38","date_gmt":"2023-06-05T12:14:38","guid":{"rendered":"https:\/\/pancargo.net.89-6-227-106.89-6-227-106.visualpublinet.com\/?page_id=754"},"modified":"2023-06-05T12:19:28","modified_gmt":"2023-06-05T12:19:28","slug":"financing-statement","status":"publish","type":"page","link":"https:\/\/pancargo.net\/?page_id=754","title":{"rendered":"Financing statement"},"content":{"rendered":"<p>[et_pb_section fb_built=&#8221;1&#8243; custom_padding_last_edited=&#8221;on|tablet&#8221; _builder_version=&#8221;4.20.4&#8243; _module_preset=&#8221;default&#8221; custom_padding=&#8221;||80px||false|false&#8221; custom_padding_tablet=&#8221;||0px||false|false&#8221; custom_padding_phone=&#8221;||0px||false|false&#8221; border_width_top=&#8221;1px&#8221; border_color_top=&#8221;#dddddd&#8221; locked=&#8221;off&#8221; global_colors_info=&#8221;{}&#8221; theme_builder_area=&#8221;post_content&#8221;][et_pb_row use_custom_gutter=&#8221;on&#8221; make_equal=&#8221;on&#8221; custom_padding_last_edited=&#8221;on|tablet&#8221; _builder_version=&#8221;4.20.4&#8243; _module_preset=&#8221;default&#8221; width=&#8221;90%&#8221; max_width=&#8221;1600px&#8221; custom_padding=&#8221;50px||||false|false&#8221; custom_padding_tablet=&#8221;0px||||false|false&#8221; custom_padding_phone=&#8221;0px||||false|false&#8221; global_colors_info=&#8221;{}&#8221; theme_builder_area=&#8221;post_content&#8221;][et_pb_column type=&#8221;4_4&#8243; _builder_version=&#8221;4.20.4&#8243; _module_preset=&#8221;default&#8221; global_colors_info=&#8221;{}&#8221; theme_builder_area=&#8221;post_content&#8221;][et_pb_text _builder_version=&#8221;4.20.4&#8243; _module_preset=&#8221;449b0205-4082-4a2a-9524-b56678646991&#8243; header_font=&#8221;Encode Sans Condensed|700|||||||&#8221; header_text_align=&#8221;center&#8221; header_text_color=&#8221;#e7392f&#8221; header_font_size=&#8221;90px&#8221; header_line_height=&#8221;100px&#8221; header_2_font=&#8221;Encode Sans Condensed|700|||||||&#8221; header_2_text_align=&#8221;center&#8221; header_2_text_color=&#8221;#e7392f&#8221; header_2_font_size=&#8221;52px&#8221; header_2_line_height=&#8221;56px&#8221; header_3_font=&#8221;Encode Sans Condensed|700|||||||&#8221; header_3_text_color=&#8221;#e7392f&#8221; header_3_font_size=&#8221;52px&#8221; header_3_line_height=&#8221;56px&#8221; custom_margin=&#8221;0px||15px||false|false&#8221; hover_enabled=&#8221;0&#8243; header_font_size_tablet=&#8221;55px&#8221; header_font_size_phone=&#8221;45px&#8221; header_font_size_last_edited=&#8221;on|desktop&#8221; header_line_height_tablet=&#8221;60px&#8221; header_line_height_phone=&#8221;50px&#8221; header_line_height_last_edited=&#8221;on|phone&#8221; header_2_font_size_tablet=&#8221;45px&#8221; header_2_font_size_phone=&#8221;32px&#8221; header_2_font_size_last_edited=&#8221;on|phone&#8221; header_2_line_height_tablet=&#8221;50px&#8221; header_2_line_height_phone=&#8221;38px&#8221; header_2_line_height_last_edited=&#8221;on|tablet&#8221; locked=&#8221;off&#8221; global_colors_info=&#8221;{%22gcid-c89f5116-e22d-4a85-9acd-d2301e8087e7%22:%91%22header_2_text_color%22,%22header_2_text_color%22%93}&#8221; theme_builder_area=&#8221;post_content&#8221; sticky_enabled=&#8221;0&#8243;]<\/p>\n<h1>Financing statement<\/h1>\n<p>[\/et_pb_text][et_pb_image src=&#8221;https:\/\/pancargo.net\/wp-content\/uploads\/2023\/06\/cartel-kit-digital.jpg&#8221; _builder_version=&#8221;4.20.4&#8243; _module_preset=&#8221;default&#8221; theme_builder_area=&#8221;post_content&#8221; alt=&#8221;plan de recuperaci\u00f3n Uni\u00f3n Europea&#8221; title_text=&#8221;plan de recuperaci\u00f3n Uni\u00f3n Europea&#8221; hover_enabled=&#8221;0&#8243; sticky_enabled=&#8221;0&#8243; align=&#8221;center&#8221;][\/et_pb_image][\/et_pb_column][\/et_pb_row][\/et_pb_section]<\/p>\n","protected":false},"excerpt":{"rendered":"<p>Financing statement<\/p>\n","protected":false},"author":3,"featured_media":0,"parent":0,"menu_order":0,"comment_status":"closed","ping_status":"closed","template":"","meta":{"_et_pb_use_builder":"on","_et_pb_old_content":"","_et_gb_content_width":"","footnotes":""},"class_list":["post-754","page","type-page","status-publish","hentry"],"yoast_head":"<!-- This site is optimized with the Yoast SEO plugin v20.10 - https:\/\/yoast.com\/wordpress\/plugins\/seo\/ -->\n<title>Financing statement - Pancargo<\/title>\n<meta name=\"robots\" content=\"index, follow, max-snippet:-1, max-image-preview:large, max-video-preview:-1\" \/>\n<link rel=\"canonical\" href=\"https:\/\/pancargo.net\/?page_id=754\" \/>\n<meta property=\"og:locale\" content=\"en_US\" \/>\n<meta property=\"og:type\" content=\"article\" \/>\n<meta property=\"og:title\" content=\"Financing statement - Pancargo\" \/>\n<meta property=\"og:description\" content=\"Financing statement\" \/>\n<meta property=\"og:url\" content=\"https:\/\/pancargo.net\/?page_id=754\" \/>\n<meta property=\"og:site_name\" content=\"Pancargo\" \/>\n<meta property=\"article:modified_time\" content=\"2023-06-05T12:19:28+00:00\" \/>\n<meta name=\"twitter:card\" content=\"summary_large_image\" \/>\n<script type=\"application\/ld+json\" class=\"yoast-schema-graph\">{\"@context\":\"https:\/\/schema.org\",\"@graph\":[{\"@type\":\"WebPage\",\"@id\":\"https:\/\/pancargo.net\/?page_id=754\",\"url\":\"https:\/\/pancargo.net\/?page_id=754\",\"name\":\"Financing statement - Pancargo\",\"isPartOf\":{\"@id\":\"https:\/\/pancargo.net\/#website\"},\"datePublished\":\"2023-06-05T12:14:38+00:00\",\"dateModified\":\"2023-06-05T12:19:28+00:00\",\"breadcrumb\":{\"@id\":\"https:\/\/pancargo.net\/?page_id=754#breadcrumb\"},\"inLanguage\":\"en-US\",\"potentialAction\":[{\"@type\":\"ReadAction\",\"target\":[\"https:\/\/pancargo.net\/?page_id=754\"]}]},{\"@type\":\"BreadcrumbList\",\"@id\":\"https:\/\/pancargo.net\/?page_id=754#breadcrumb\",\"itemListElement\":[{\"@type\":\"ListItem\",\"position\":1,\"name\":\"Portada\",\"item\":\"https:\/\/pancargo.net\/\"},{\"@type\":\"ListItem\",\"position\":2,\"name\":\"Financing statement\"}]},{\"@type\":\"WebSite\",\"@id\":\"https:\/\/pancargo.net\/#website\",\"url\":\"https:\/\/pancargo.net\/\",\"name\":\"Pancargo\",\"description\":\"FREIGHT SERVICES\",\"potentialAction\":[{\"@type\":\"SearchAction\",\"target\":{\"@type\":\"EntryPoint\",\"urlTemplate\":\"https:\/\/pancargo.net\/?s={search_term_string}\"},\"query-input\":\"required name=search_term_string\"}],\"inLanguage\":\"en-US\"}]}<\/script>\n<!-- \/ Yoast SEO plugin. -->","yoast_head_json":{"title":"Financing statement - Pancargo","robots":{"index":"index","follow":"follow","max-snippet":"max-snippet:-1","max-image-preview":"max-image-preview:large","max-video-preview":"max-video-preview:-1"},"canonical":"https:\/\/pancargo.net\/?page_id=754","og_locale":"en_US","og_type":"article","og_title":"Financing statement - Pancargo","og_description":"Financing statement","og_url":"https:\/\/pancargo.net\/?page_id=754","og_site_name":"Pancargo","article_modified_time":"2023-06-05T12:19:28+00:00","twitter_card":"summary_large_image","schema":{"@context":"https:\/\/schema.org","@graph":[{"@type":"WebPage","@id":"https:\/\/pancargo.net\/?page_id=754","url":"https:\/\/pancargo.net\/?page_id=754","name":"Financing statement - Pancargo","isPartOf":{"@id":"https:\/\/pancargo.net\/#website"},"datePublished":"2023-06-05T12:14:38+00:00","dateModified":"2023-06-05T12:19:28+00:00","breadcrumb":{"@id":"https:\/\/pancargo.net\/?page_id=754#breadcrumb"},"inLanguage":"en-US","potentialAction":[{"@type":"ReadAction","target":["https:\/\/pancargo.net\/?page_id=754"]}]},{"@type":"BreadcrumbList","@id":"https:\/\/pancargo.net\/?page_id=754#breadcrumb","itemListElement":[{"@type":"ListItem","position":1,"name":"Portada","item":"https:\/\/pancargo.net\/"},{"@type":"ListItem","position":2,"name":"Financing statement"}]},{"@type":"WebSite","@id":"https:\/\/pancargo.net\/#website","url":"https:\/\/pancargo.net\/","name":"Pancargo","description":"FREIGHT SERVICES","potentialAction":[{"@type":"SearchAction","target":{"@type":"EntryPoint","urlTemplate":"https:\/\/pancargo.net\/?s={search_term_string}"},"query-input":"required name=search_term_string"}],"inLanguage":"en-US"}]}},"_links":{"self":[{"href":"https:\/\/pancargo.net\/index.php?rest_route=\/wp\/v2\/pages\/754","targetHints":{"allow":["GET"]}}],"collection":[{"href":"https:\/\/pancargo.net\/index.php?rest_route=\/wp\/v2\/pages"}],"about":[{"href":"https:\/\/pancargo.net\/index.php?rest_route=\/wp\/v2\/types\/page"}],"author":[{"embeddable":true,"href":"https:\/\/pancargo.net\/index.php?rest_route=\/wp\/v2\/users\/3"}],"replies":[{"embeddable":true,"href":"https:\/\/pancargo.net\/index.php?rest_route=%2Fwp%2Fv2%2Fcomments&post=754"}],"version-history":[{"count":4,"href":"https:\/\/pancargo.net\/index.php?rest_route=\/wp\/v2\/pages\/754\/revisions"}],"predecessor-version":[{"id":762,"href":"https:\/\/pancargo.net\/index.php?rest_route=\/wp\/v2\/pages\/754\/revisions\/762"}],"wp:attachment":[{"href":"https:\/\/pancargo.net\/index.php?rest_route=%2Fwp%2Fv2%2Fmedia&parent=754"}],"curies":[{"name":"wp","href":"https:\/\/api.w.org\/{rel}","templated":true}]}}